511 + d. What is the hundreds digit of w?
1
Suppose 4*g - 29 = -3*a - 10, -15 = 5*a. Suppose -3*j + g*j = -40. Let v = -5 - j. What is the units digit of v?
5
Suppose -2*n + 3*g = -3*n - 5, 0 = -n + 2*g + 15. Let o(b) = -b**3 - 15*b - n*b**2 + 13*b - 7 - 8*b. What is the units digit of o(-6)?
7
Suppose -15 = -7*j + 41. Suppose 0 = -3*h + 2*u + 14, -h = -3*u - u - j. What is the tens digit of 278/h - (-3)/6?
7
Suppose 8*a = 9*a. Suppose a*t = 3*t - 303. What is the units digit of t?
1
Suppose 2*c + 167 = -5*j - 66, c + 49 = -j. Let i = 115 + j. What is the tens digit of i?
7
Suppose -8*p = -13*p + 340. Suppose -220 = -4*x - d, x = 5*d - 2*d + p. What is the tens digit of x?
5
Suppose -q - 4*q - 55 = 0. Let v = q - -11. Suppose -x + 34 = 5*t, 6*t - 3*t - 12 = v. What is the units digit of x?
4
Suppose -20406 = -48*z + 42*z. What is the units digit of z?
1
Suppose -3*n = 2 - 8. Suppose 14 = 2*c - 3*x - n, -5*x - 20 = -2*c. Suppose 4*l - 2*l = -c*h + 229, 2*h + 4*l = 82. What is the units digit of h?
7
Suppose -5*z + 15 = 3*m, -6 = -3*m - 2*z - 0. Suppose 218 = k + 4*a, 0 = 2*k - 2*a - m*a - 406. Let r = k - 138. What is the units digit of r?
8
Suppose -5*a + 5 = 45. Let i(v) = -v**3 - 8*v**2 + 12. What is the tens digit of i(a)?
1
What is the tens digit of (-7748)/(-39) - 8/(-6)?
0
Suppose -12*m + 9*m = 4*k - 5237, -2*m + 1313 = k. What is the thousands digit of k?
1
Let y(m) = 7*m + 12. Let j(k) = k + 1. Let z(t) = 4*j(t) - y(t). What is the units digit of z(-7)?
3
Let t(m) = 193*m - 337. What is the hundreds digit of t(5)?
6
Suppose 2*v - 7043 = 5*z, -z + 0*z + 10573 = 3*v. What is the tens digit of v?
2
Suppose 38*j + 880 = 42*j. What is the tens digit of j?
2
Let r = 982 + -684. What is the tens digit of r?
9
Let x(r) = 65*r - 644. What is the hundreds digit of x(41)?
0
Suppose -18*x + 8309 = -4795. What is the hundreds digit of x?
7
Suppose -27 + 11 = -4*t. Let l be t*12*(-5)/(-10). Let y = l + -2. What is the units digit of y?
2
Let y(u) = -19*u**2 - 6*u - 3. Let p(f) = -f**2 - f - 1. Let w(m) = 2*p(m) - y(m). What is the units digit of w(-3)?
2
Let p be 118/14 - 6/14. Let i(f) = 7*f - 5. Let w be i(p). What is the tens digit of w + 4 + (-7 - -2)?
5
Suppose -u + 2*w + 85 = -82, 0 = 2*w + 10. What is the tens digit of u?
5
Suppose -8 = 3*k - 32. Suppose -k = 15*o - 23*o. What is the units digit of o?
1
Let n(m) = -2*m**3 - 5*m**2 + 3*m + 8. What is the tens digit of n(-4)?
4
Let y(n) = -36*n + 49. What is the tens digit of y(-8)?
3
Let s(a) = -9*a - 25. Let p(i) = -7*i. Let x(w) = -6*w. Let f(k) = 5*p(k) - 6*x(k). Let l(t) = -6*f(t) - s(t). What is the tens digit of l(0)?
2
Let g(y) = -15*y - 5. Let c(j) = 3*j**2 + 11*j - 13. Let u(l) = l**2 + 6*l - 7. Let t(n) = 2*c(n) - 5*u(n). Let r be t(6). What is the units digit of g(r)?
0
Let o(r) = -6 + 0*r - 5*r - 2*r**2 - r + 6*r**2. Let m be o(5). What is the units digit of (-8)/(-24) + m/6?
1
Suppose 0 = 9*f - 5*f - 40. Suppose f = 5*j - 15. Suppose -p = -j*x + 17, -x - 11 = 3*p - 6*x. What is the units digit of p?
3
Suppose 2*b + 2279 = 3*n, -b = 5*n - 3032 - 749. What is the hundreds digit of n?
7
Let v = -224 + 244. What is the units digit of v?
0
Let o(a) = 2885*a - 47. What is the tens digit of o(1)?
3
Let z(w) = -w**3 + 5*w**2 - w - 4. Let l be z(4). Suppose 0 = -2*a + 36 - l. Let x = 18 - a. What is the units digit of x?
4
Let s be 26/65 - 658/(-5). Suppose 0 = -3*h - 3*h + s. What is the tens digit of h?
2
Let a(c) = 3*c + 3. Let y be a(-2). Let l(o) = o**2 - o - 4. Let z be l(y). What is the units digit of (z + -11)*(-2)/6?
1
Let v(i) be the third derivative of i**5/60 + 5*i**4/8 + 15*i**3/2 + 22*i**2. What is the tens digit of v(-15)?
4
Let f = 23 + 6. Suppose 4*u - 23 - f = 0. What is the tens digit of u?
1
What is the hundreds digit of (6/(-8))/((-9)/3240)?
2
Suppose -5*h - 46 = 89. What is the units digit of ((-754)/(-9) - 0) + (-6)/h?
4
Suppose -m - n = -58 - 33, 2*m - 187 = 3*n. Suppose 0*j + m = 4*j. Let s = 68 - j. What is the tens digit of s?
4
Suppose 0 = 5*f + 2*k - 11505, 4*f + 0*k - 9204 = k. What is the tens digit of f?
0
Suppose 4*f + 3*a = 4881, -2*a - 1034 = -f + 200. What is the units digit of f?
4
Let o = -20 + 12. Let x = o + 13. Suppose -32 = 3*t - x*t. What is the units digit of t?
6
Let u = 19 + -9. Suppose -4*k - u = 5*p, 4*p + 8 = -k - k. Suppose k = -0*g + 5*g - 165. What is the units digit of g?
3
Let s(w) = -4*w**2 + 17*w + 3. What is the tens digit of s(3)?
1
Suppose 4*a - 5*t + 13 = 0, -7 = a + t - 3*t. Suppose 4*z = a*z - 30. Let w = -9 - z. What is the tens digit of w?
2
Suppose -4*y = -2*r + 1122, 5*r + 0*y + 3*y - 2766 = 0. What is the units digit of r?
5
Let a(t) = -7*t - 14. What is the units digit of a(-5)?
1
Suppose 8 = -2*v + 4*v. Suppose 2*g + v*g = 234. What is the tens digit of g?
3
Suppose 3*f + 2*f = 0. Let p(g) = -3*g**3 - g**2 - g + 4*g**3 - g**3 + 27 - g**3. What is the tens digit of p(f)?
2
Let s = -35 + 41. Suppose 0 = -s*l + 5*l + 69. What is the units digit of l?
9
What is the tens digit of (267 - 29) + 10/2?
4
Let p(c) = 3 + 56*c + 0 - 6*c - 1. What is the tens digit of p(1)?
5
Let y(g) be the first derivative of g**3/3 + g**2/2 + 3. Let w be y(0). Suppose s - 2 - 3 = w. What is the units digit of s?
5
Suppose 0 = 24*s - 23*s. Let g(r) = r**3 + 3*r + 83. What is the tens digit of g(s)?
8
Let d(f) = -43*f**3 - 32*f**2 - 149*f - 8. What is the tens digit of d(-5)?
1
Let o(h) = -47*h + 15 - 15. What is the tens digit of o(-2)?
9
Let x(d) = -9*d + 1. Let t(f) = -f**3 - 9*f**2 + 10*f - 4. Let b be t(-10). What is the tens digit of x(b)?
3
Let s(v) = 13*v - 30. Suppose -4*x + 62 = x + 4*h, 0 = 2*x + 5*h - 35. What is the tens digit of s(x)?
0
Let n(y) = 7*y - 2. Let s be n(-2). Let a = 23 + s. Let v = 33 + a. What is the tens digit of v?
4
Suppose 3*s + 3*z = 3654, -4*s + 5*z - 432 + 5295 = 0. What is the hundreds digit of s?
2
Let c = 2199 - 927. What is the thousands digit of c?
1
Suppose -99 = -4*h + 1021. What is the units digit of h?
0
Suppose 5*q - 2985 = -5*d, 5*q = -0*q + 5*d + 2935. Let x = q - 245. What is the tens digit of x?
4
Suppose 0*t + 1644 = -t. What is the hundreds digit of (t/(-30))/(-2 + 36/15)?
1
Let a(n) = 2*n**3 - 5*n**2 - 7*n - 3. Let d be a(-2). Let s(f) = 5*f + 3. Let x be s(-10). Let c = d - x. What is the units digit of c?
2
Let t(d) = -d**2 + 24*d + 8. Let o(v) = -v**2 - 18*v - 19. Let q be o(-16). What is the hundreds digit of t(q)?
1
Suppose -2*j + 2309 = 3*v, -5*j = v - 801 + 27. What is the units digit of v?
9
Let n(g) = -2*g**2 - 7*g + 1. Let q be n(-4). What is the units digit of 2 - 0 - 3 - q?
2
Let r(j) = 44*j**2 - j - 7. Let u be (4/(-3))/((-26)/(-39)). What is the tens digit of r(u)?
7
Let d(v) = v. Let t(p) = p**3 - 9*p**2 - 19*p + 5. Let m(i) = -4*d(i) - t(i). What is the units digit of m(10)?
5
Let p = -3 - 2. What is the tens digit of -7*(p - (-5 - -2))?
1
Suppose 4*m = -37 - 3. Let u be ((-16)/m)/(4/10). What is the units digit of (5 - 1) + u/2?
6
Let n be ((-24)/10)/(3/(-10)). Let o be (-27)/6*n/(-12). Suppose 0 = 3*l - w - 64, -3*l - o*w = l - 68. What is the units digit of l?
0
Let f = 24 - 5. Suppose 5*l + 14 = 3*l. Let b = f - l. What is the tens digit of b?
2
Let t(v) be the first derivative of v**3/3 + 3*v**2/2 - v - 3. What is the units digit of t(-5)?
9
Let q = -490 - -827. What is the tens digit of q?
3
Let n = -157 + 359. What is the hundreds digit of n?
2
Let o(w) = -5*w + 3. Let b(r) = 6*r - 4. Let n(m) = -6*b(m) - 7*o(m). Let y be n(0). Suppose 16 = y*l - 5. What is the units digit of l?
7
Let z(n) = 5*n - 2. Let q(j) = -110*j + 45. Let v(k) = -4*q(k) - 90*z(k). Let a be v(-4). Suppose -a = -4*b + 20. What is the tens digit of b?
1
Suppose 0 = 5*x - g + 5 - 472, -5*x + 455 = 5*g. Let v = -30 + x. What is the tens digit of v?
6
Suppose -4*w + 604 = c, w - 755 = -4*w + 2*c. What is the units digit of w?
1
Suppose 4*t - t - 636 = 0. What is the tens digit of t?
1
Suppose 9*v - 4*v - 739 = -4*t, 3*t - 4*v - 531 = 0. Let s = t - 124. What is the tens digit of s?
5
Let b(l) = 48*l - 9. Let u(y) = -y + 1. Let x(h) = -b(h) - 9*u(h). Let o be x(-1). Let a = -12 + o. What is the units digit of a?
7
Suppose a + 0 = -13. Let b be ((-1)/(-8) + 17/(-8))/2. What is the tens digit of b*a/1 - 2?
